)/8)/(1/(-6)). What are the prime factors of 1/2*(v + 473)?
2, 7, 17
Suppose -5*q + 0 + 10 = 0, 71 = 3*k + 4*q. List the prime factors of (4/56*-632)/((-3)/k).
2, 79
Suppose -1632*n + 1630*n + 44398 = 4*p, 4*p = -4*n + 44384. List the prime factors of p.
3, 3701
Let q be -29*1/((-1)/35). Suppose i + 3*m - q = -177, 0 = -i - m + 832. List the prime factors of i.
829
Suppose 27*t - 12*t = 2925. What are the prime factors of t?
3, 5, 13
Let d = 215 + -211. Suppose 5*s + 2704 = d*r - 0*r, -4*s - 2028 = -3*r. List the prime factors of r.
2, 13
Let a = 842 - 839. Suppose g = -4*u + 6803, -2*u + a*g + 1495 = -1896. List the prime factors of u.
2, 5, 17
What are the prime factors of (2*1)/((-486)/(-1119987))?
11, 419
Suppose -15 = 3*u, -4*i + 3145 = 2*u - 14933. List the prime factors of i.
2, 7, 17, 19
Let i(r) = 7216*r + 821. What are the prime factors of i(2)?
7, 2179
Let d(n) = 2716*n**2 + 29*n + 4. What are the prime factors of d(-2)?
2, 5, 23, 47
Let z = -19391 + 35001. List the prime factors of z.
2, 5, 7, 223
Let w = 11554 + 12920. List the prime factors of w.
2, 3, 4079
Let k be 425/(-5)*(-5 - -7). Let v = k + 220. What are the prime factors of v?
2, 5
Let s(m) = -25*m + 7 - m**2 - 2 - 3 + 17. List the prime factors of s(-17).
5, 31
Let b(u) = 25*u - 55. Let q be b(10). Suppose q = n - 36. List the prime factors of n.
3, 7, 11
Let j(o) be the first derivative of o**3/3 - 9*o**2/2 + 11*o - 4. Let k be j(8). Suppose p - 460 = -5*t + 3*p, k*t + 3*p = 276. List the prime factors of t.
2, 23
Let x = -128 + 81. Let l = x + 81. What are the prime factors of l?
2, 17
Let w(s) = 60*s + 15. Suppose -5*k + 13 = -2*z - 6, 0 = 5*k - 15. Let d(m) = -5*m - 7. Let f be d(z). What are the prime factors of w(f)?
3, 5, 13
Let m = 660 - 1105. Let i = 330 - m. What are the prime factors of i?
5, 31
Let m(w) = -223*w**3 - 15*w**2 - 7*w + 34. What are the prime factors of m(-6)?
2, 67, 89
Suppose 0 = -5*f - 5, 8*a + f + 24971 = 10*a. List the prime factors of a.
5, 11, 227
Suppose 110629 = 2*w - q, -149*w - 3*q + 276578 = -144*w. What are the prime factors of w?
5, 13, 23, 37
Let w be 0 + ((-6)/4 - 18/(-4)). Suppose w*x = 6*x - 72. Suppose -y + 11 + x = m, 2*m - 85 = y. What are the prime factors of m?
2, 5
Let j(r) = r**3 - 6*r**2 - 4. Let n be j(6). Let o be (4/(-16)*2)/(n/232). Let k = o + 83. List the prime factors of k.
2, 7
Suppose -39*g - 5*g + 516854 = 159618. List the prime factors of g.
23, 353
Let m = 116 - 113. What are the prime factors of ((-322)/m)/(10/(-15))?
7, 23
Let v(i) = -2*i**3 - 6*i**2 + 12*i - 10. Let m = -316 + 310. What are the prime factors of v(m)?
2, 67
Let p be -1*5 + -1 + (-112)/(-8). Suppose -21*g + p*g = -7163. What are the prime factors of g?
19, 29
Let x(s) = -s**2 + 5*s - 9. Let q be x(11). Let h = -181 - q. List the prime factors of 1*(-3)/3 - h.
3, 5, 7
Let r = -96 - -99. Suppose -228 = -r*l + 4*o + 1246, 3*l + 3*o - 1467 = 0. List the prime factors of l.
2, 5, 7
Suppose 11107 - 11095 = 21*z - 87201. What are the prime factors of z?
4153
Let r(u) = -u**3 + 10*u**2 + 2*u + 8. Let o(i) = -i**2 + 8*i - 11. Let s be o(3). Suppose j + 30 = s*j. List the prime factors of r(j).
2, 7
Let t be 9 + -4 + 1 + -4 + 1. Suppose -t*k = -w - 396, -5*k + 2*k = -4*w - 396. What are the prime factors of k?
2, 3, 11
Suppose 103 - 83 = -j. Let r be (1576/(-32))/(1/j). Suppose 0 = 4*o - 3*w - r, -w + 248 = 5*o - 4*o. What are the prime factors of o?
13, 19
Suppose 248 = 38*q - 18. Let l(u) = 2*u**3 + 8*u**2 - 10*u + 53. List the prime factors of l(q).
1061
Let k(u) = u**3 + 2*u**2 + u - 7. Let b be k(-2). Let g(p) = -4*p + 32. List the prime factors of g(b).
2, 17
Let r(h) = -20*h**2 - 1. Let m be r(-8). Let n = -874 - m. List the prime factors of n.
11, 37
Let y be (3/2)/((-6)/320). Let t = 30 + y. Let q = t - -179. What are the prime factors of q?
3, 43
Let p(w) = -w**3 - 7*w**2 - 17*w - 11. Let q be p(-12). Suppose -8*u + q = -19*u. Let z = u + 105. What are the prime factors of z?
2, 11
Let x be 12*(-1 - ((-10)/6 + 0)). Suppose -4*y + x = -0*y. Suppose 3*f + 5*l = -f + 257, 0 = y*f - 2*l - 124. What are the prime factors of f?
3, 7
Suppose -5*j - 5023 = -0*j + 4*u, j = -3*u - 1009. Let y = j + 527. List the prime factors of 1/(-2) + -2 + y/(-8).
3, 19
Suppose 145*n - 20043 = 142*n. List the prime factors of n.
3, 17, 131
What are the prime factors of (25614 - 0)/2 + 2592/432?
3, 4271
Suppose 5*g - 16644 = -2*s - 2*s, -6*s - 5*g + 24976 = 0. List the prime factors of s.
2, 2083
Suppose -25*c + 16*c = -396. List the prime factors of -6 - (-64584)/66 - 24/c.
2, 3
Let f = 245 + -197. Suppose f*v = 32*v + 3840. List the prime factors of v.
2, 3, 5
Let d = -334 - -316. What are the prime factors of (160/d*3)/((-4)/60)?
2, 5
Suppose -5*c + 8 - 44 = -3*y, -4*y - 5*c = -13. Suppose y*p = 8254 + 832. List the prime factors of p.
2, 11, 59
Let a = -13435 + 21704. List the prime factors of a.
8269
Suppose -4*i + 10 = -2*i - 5*w, 0 = 5*i + 4*w - 91. Suppose -13*t = -i*t - 364. Let z = -99 - t. What are the prime factors of z?
83
Suppose -m - 65 + 166 = -4*f, 4*f + 86 = -2*m. Let h = 28 + f. List the prime factors of -3 + (25 - h) + 1.
19
Suppose 2*z + 17 - 5 = 0. Let f(u) = 7*u**2 + 12*u + 14. Let v(a) = -8*a**2 - 11*a - 14. Let i(d) = z*f(d) - 5*v(d). List the prime factors of i(-7).
7
What are the prime factors of (-9900)/90*(-19 - 0)?
2, 5, 11, 19
Let i be 6/(-9)*-5 - 2/6. Suppose i*n - 282 = -4*a, -5*a - 15 = -0*a. What are the prime factors of n?
2, 7
List the prime factors of -240 + 234 + -182*(-2 - (-58)/(-4)).
3, 37
Let l(m) = -5*m + 12. Suppose 0 = -3*a + 3*z + 26 - 8, 12 = 4*a - z. Let j be l(a). List the prime factors of (-2)/(0 - j) - -166.
167
Suppose 0 = -z - 5, 3*z - 6*z = -5*n + 35. Suppose n*v - 5*r = 34 - 13, 5 = v - r. Suppose -v*k + 31 + 781 = 0. What are the prime factors of k?
7, 29
Let p = 170 + 137. List the prime factors of p.
307
Suppose 216 = 5*c - 509. Let f = 6 + c. List the prime factors of f.
151
Suppose 0 = -3*g - 3*c + 1404, 65*c - 67*c + 1400 = 3*g. List the prime factors of g.
2, 29
Suppose 14*p = 34*p - 120. Let r(u) = 4*u**2 - 3*u. Let h be r(3). Suppose p*s = 7*s - h. What are the prime factors of s?
3
Let h(l) = -2*l**2 - 70*l + 35. Let i be h(-34). Let s = i + -54. List the prime factors of s.
7
Let r(a) = 374*a**2 - 51*a + 5. List the prime factors of r(-3).
2, 881
Let m = 101835 - 40252. What are the prime factors of m?
61583
Let o(a) = 2*a**3 - 10*a**2 - 4*a + 11. Suppose 8*w - 11*w = -15. Let d be o(w). List the prime factors of (-3)/(d/534*2).
89
Let o(z) = -12*z + 118. Let h be o(9). Let q = 160 - h. What are the prime factors of q?
2, 3, 5
Suppose 0 = 4*k + 129 - 221. Suppose 5*q - k - 2 = 0. Suppose -2*b - 4*t = -526, -3*b + q*t - t = -799. What are the prime factors of b?
5, 53
Let v be (-81 - 1) + -66 + 70. Let y(n) = 35*n + 6. Let r be y(5). Let h = r + v. What are the prime factors of h?
103
What are the prime factors of ((163210/8)/5)/(4740/(-144) - -33)?
3, 19, 859
Suppose 0 = -4*s - 13 - 3. Let h be 230/2 - 4*(-3)/s. Let u = 23 + h. What are the prime factors of u?
3, 5
Suppose 5*d = 3*d + 6. Let p be 7*-2*(-1 - d). Suppose u + p = l, -2*l + 5*u = -58 - 66. List the prime factors of l.
2, 13
Let i(b) = -489*b + 4 + 499*b + 3*b**3 - 2*b**2 - b**3 + 3*b**2. What are the prime factors of i(7)?
809
Suppose 13896 = 16*d - 10*d. Suppose 5*j - 3910 = 5*z, 3*j + z - d = -2*z. What are the prime factors of j?
3, 7, 37
Let j = -8 - -12. Suppose 4*x - 9 - 179 = 3*r, -5*x + 204 = j*r. Suppose -4*v + 60 - x = 0. What are the prime factors of v?
2
Suppose 5*c = -4*m + 22814, -m - 474 + 6188 = -4*c. List the prime factors of m.
2, 3, 317
Suppose 132*b - 54*b - 62*b - 152688 = 0. List the prime factors of b.
3, 3181
Suppose 3*t = -4*i + 7580, 5*i = 2*t + 5851 + 3670. What are the prime factors of i?
1901
Suppose -12 - 197 = -11*g. Suppose 0 = -g*p + 6*p + 832. List the prime factors of p.
2
Let q(x) = x**3 + 93*x**2 - 141*x - 537. What are the prime factors of q(-91)?
2, 3607
Let l(w) be the second derivative of w**4/12 + w**2 + 2*w. Suppose 30 = -50*x + 56*x. List the prime factors of l(x).
3
Suppose -4*n = 2*g - 176, -178 = -5*n - g + 36. Let o be 48/(-384) + (-99)/(-24). Suppose -294 = -o*k - 2*x - n, 4*k - 246 =